{"id":96,"date":"2026-03-14T22:41:22","date_gmt":"2026-03-14T21:41:22","guid":{"rendered":"https:\/\/aljasska-posta.cz\/?page_id=96"},"modified":"2026-03-14T22:41:22","modified_gmt":"2026-03-14T21:41:22","slug":"ii-rocnik-1990","status":"publish","type":"page","link":"https:\/\/aljasska-posta.cz\/?page_id=96","title":{"rendered":"II. Ro\u010dn\u00edk &#8211; 1990"},"content":{"rendered":"\n<p><strong>Druh\u00e1 Alja\u0161sk\u00e1 po\u0161ta byla odstartov\u00e1na z Obratan\u011b a c\u00edl byl op\u011bt v Morav\u010di. Vzhledem k lo\u0148sk\u00e9mu marat\u00f3nu byla zvolena krat\u0161\u00ed tra\u0165 a to pouze 21 kilometr\u016f. Z\u016f\u010dastnilo se j\u00ed 42 lid\u00ed. Po\u010das\u00ed op\u011bt p\u0159\u00e1lo, byl sn\u00edh a p\u011bkn\u011b mrzlo. Vzhledem ke kr\u00e1tkosti trat\u011b se po\u0161ta zvrhla v doslovn\u00e9 dostihy. Zde mo\u017en\u00e1 vznikla ona hl\u00e1\u0161ka, \u017ee do c\u00edle se dob\u00edh\u00e1. Poprv\u00e9 se objevuje odpoledn\u00ed sout\u011b\u017e a poprv\u00e9 se ud\u00edlej\u00ed placky za um\u00edst\u011bn\u00ed. Odpoledn\u00ed sout\u011b\u017e byla st\u0159elba ze vzduchov\u00e9 pistole na c\u00edl. Jako brig\u00e1da bylo na tomto ro\u010dn\u00edku p\u00e1leno star\u00e9 d\u0159\u00edv\u00ed z lesa a \u010di\u0161t\u011bn\u00ed pasek. Byl to impozantn\u00ed pohled. Z mnoha vysok\u00fdch hromad d\u0159eva \u0161lehaly plameny a hlavn\u011b stoupal d\u00fdm, kter\u00fd se nad n\u00e1mi spojoval do ohromn\u00e9 kou\u0159ov\u00e9 katedr\u00e1ly, jej\u00ed\u017e strop ob\u010das klesal a\u017e k na\u0161im hlav\u00e1m a ze kter\u00e9 se tu a tam oblevil tremp s n\u00e1ru\u010d\u00ed d\u0159eva a posl\u00e9ze op\u011bt zmizel v d\u00fdmu. Brig\u00e1dy byly pouze u prvn\u00edch ro\u010dn\u00edk\u016f a slou\u017eily k \u00fahrad\u011b s\u00e1lu. Ve\u010der, kdy\u017e se hr\u00e1lo na kytary a zp\u00edvalo, linula se s\u00e1lem v\u016fn\u011b uzen\u00e9ho d\u0159eva.<\/strong><\/p>\n\n\n\n<figure class=\"wp-block-gallery has-nested-images columns-default is-cropped wp-block-gallery-1 is-layout-flex wp-block-gallery-is-layout-flex\">\n<figure class=\"wp-block-image size-large\"><img loading=\"lazy\" decoding=\"async\" width=\"448\" height=\"316\" data-id=\"97\" src=\"https:\/\/aljasska-posta.cz\/wp-content\/uploads\/2026\/03\/2zvadlo.jpg\" alt=\"\" class=\"wp-image-97\" srcset=\"https:\/\/aljasska-posta.cz\/wp-content\/uploads\/2026\/03\/2zvadlo.jpg 448w, https:\/\/aljasska-posta.cz\/wp-content\/uploads\/2026\/03\/2zvadlo-300x212.jpg 300w\" sizes=\"auto, (max-width: 448px) 100vw, 448px\" \/><\/figure>\n<\/figure>\n","protected":false},"excerpt":{"rendered":"<p>Druh\u00e1 Alja\u0161sk\u00e1 po\u0161ta byla odstartov\u00e1na z Obratan\u011b a c\u00edl byl op\u011bt v Morav\u010di. Vzhledem k lo\u0148sk\u00e9mu marat\u00f3nu byla zvolena krat\u0161\u00ed tra\u0165 a to pouze 21 kilometr\u016f. Z\u016f\u010dastnilo se j\u00ed 42 lid\u00ed. Po\u010das\u00ed op\u011bt p\u0159\u00e1lo, byl sn\u00edh a p\u011bkn\u011b mrzlo. Vzhledem ke kr\u00e1tkosti trat\u011b se po\u0161ta zvrhla v doslovn\u00e9 dostihy. Zde mo\u017en\u00e1 vznikla ona hl\u00e1\u0161ka, \u017ee&#8230;<\/p>\n","protected":false},"author":1,"featured_media":0,"parent":0,"menu_order":0,"comment_status":"closed","ping_status":"closed","template":"","meta":{"footnotes":""},"class_list":["post-96","page","type-page","status-publish","hentry"],"_links":{"self":[{"href":"https:\/\/aljasska-posta.cz\/index.php?rest_route=\/wp\/v2\/pages\/96","targetHints":{"allow":["GET"]}}],"collection":[{"href":"https:\/\/aljasska-posta.cz\/index.php?rest_route=\/wp\/v2\/pages"}],"about":[{"href":"https:\/\/aljasska-posta.cz\/index.php?rest_route=\/wp\/v2\/types\/page"}],"author":[{"embeddable":true,"href":"https:\/\/aljasska-posta.cz\/index.php?rest_route=\/wp\/v2\/users\/1"}],"replies":[{"embeddable":true,"href":"https:\/\/aljasska-posta.cz\/index.php?rest_route=%2Fwp%2Fv2%2Fcomments&post=96"}],"version-history":[{"count":1,"href":"https:\/\/aljasska-posta.cz\/index.php?rest_route=\/wp\/v2\/pages\/96\/revisions"}],"predecessor-version":[{"id":98,"href":"https:\/\/aljasska-posta.cz\/index.php?rest_route=\/wp\/v2\/pages\/96\/revisions\/98"}],"wp:attachment":[{"href":"https:\/\/aljasska-posta.cz\/index.php?rest_route=%2Fwp%2Fv2%2Fmedia&parent=96"}],"curies":[{"name":"wp","href":"https:\/\/api.w.org\/{rel}","templated":true}]}}